se 15 = -3*w + 2*u, -3*u - 44 = 34*w - 29*w. What is k(w)?
-44
Let h be (-52)/(-143) + 56/(-154). Let c(j) = -2*j**3 + 2*j + 29. Calculate c(h).
29
Let f(o) be the first derivative of o**3/3 - 3*o**2 + 3*o + 8644. Let n(p) = p**3 - p**2 - p - 2. Let m be n(0). Let d = 2 - m. Calculate f(d).
-5
Let i(w) = 6*w + 21. Let y = 5113 + -5121. Give i(y).
-27
Let w be (-7 + 6)*((-192)/160)/(4/10). Let k(y) = -y**3 + 6*y**2 - 9*y. Determine k(w).
0
Let b = 2943 - 2946. Let n(p) = -6*p - 23. Calculate n(b).
-5
Let u = -448 + 450. Let h(x) = x**3 - 3*x**2 - 9*x + 23. What is h(u)?
1
Suppose 60 = z - 608. Let b(v) = -1327*v + z*v + 663*v + 2*v**2. Calculate b(-4).
16
Let r(c) be the second derivative of -c**4/12 + 8*c**3/3 - 18*c**2 + 2772*c. Determine r(8).
28
Let y(a) = 6*a - 70. Suppose 214 - 80 = -27*b + 458. Give y(b).
2
Let q(t) be the second derivative of t**5/20 + 13*t**4/12 - 11*t**3/6 - 27*t**2/2 + 9898*t. Determine q(-13).
116
Let j(y) = -10*y**3 - 16*y**2 + 7*y**3 + 97 + 41*y**3 - 10*y - 39*y**3. Determine j(-15).
22
Let m(a) = -a**2 + 7*a + 8. Let y be (-4)/14 + -5*(-207)/315. Suppose i - 17 = 12*q - 15*q, y*q - 33 = 3*i. What is m(q)?
8
Suppose -10 = -g + 33. Let a = -40 + g. Suppose 2*f + 5 = -5*l + 3*f, -4*l - 23 = a*f. Let i(x) = -x**3 - 2*x - 1. Give i(l).
11
Let m(r) be the first derivative of r**3 + 64 - r + 1/2*r**2. Determine m(-1).
1
Let d(c) = -3*c**3 + 11*c**2 - c - 4. Let u(i) = -i**3 + 5*i**2 - 2*i - 1. Let o(w) = -2*d(w) + 5*u(w). Calculate o(2).
7
Let x be 5/(-4) - (-220)/176. Let l(u) = 9 - 3*u + x + 8 - 4. Calculate l(4).
1
Let k(a) = -19*a - 9. Let t(v) = -11*v - 2. Let l(h) = k(h) - 2*t(h). Give l(4).
7
Let n(r) be the second derivative of -r**5/20 + r**4/6 - r**3/6 + r**2/2 - 10*r. Let m be (-10)/(1 - -4) + 0 + 4. Give n(m).
-1
Let i(r) be the first derivative of -r**4/4 + 7*r**3/3 + 6*r + 4. Suppose 0 = 8*m - 14 - 42. Give i(m).
6
Suppose -26*k - 5*u = -31*k + 85, 0 = k + 3*u - 5. Suppose 11*t = -k - 8. Let j(v) = -2*v**3 - v**2 + v - 1. Give j(t).
9
Suppose -o - 3 = -5*h, 3*h + 3*o + 2 = -7. Suppose h = -4*b + 5*f + 2, -3*b + 19 = -0*b + 5*f. Let l(x) = -3*x**2 + 2*x + 4. Calculate l(b).
-17
Let r(j) = 3*j**3 - 2*j**2 + j + 4. Let x be r(2). Let c = x + -12. Suppose -5*i - c = 0, 21 = 5*m + 4*i + 4. Let o(l) = l + 1. What is o(m)?
6
Let f(c) = 9*c**2 - 5*c + 4. Suppose -331 = -24*r - 259. What is f(r)?
70
Let q = -58 - -271. Suppose -208*l + q*l + 10 = 0. Let v(a) be the second derivative of a**5/20 + a**4/4 + 2*a**3/3 + 3*a**2/2 + a. Determine v(l).
-1
Let s be (-2)/((-4)/5) - (-24)/(528/(-11)). Let t(w) be the second derivative of -w**4/4 + 5*w**2/2 + 11*w. Give t(s).
-7
Let f(a) be the second derivative of 1/6*a**3 + 0*a**2 - 1/12*a**4 - 11/20*a**5 + 0 - 4*a. Let w = -1390 + 1391. Calculate f(w).
-11
Let l(x) = 17*x - 622. Let q be l(36). Let g(i) = -2*i - 5. Give g(q).
15
Let v be (-6 - 39/(-6))*166*-1. Let q = v + 91. Let u(c) = -c + 10. What is u(q)?
2
Let t(h) = -h - 14. Let s(a) = a**3 - 8*a**2 - 2*a - 59. Let v be s(9). Determine t(v).
-18
Let o(b) = 73*b + 642. Let p be o(-9). Let l(h) = -20*h - 308. Give l(p).
-8
Suppose -2*w + 3*n + 21 = 0, -2*w = 2*w - n - 17. Let h(i) be the second derivative of -i**4/12 - i**2/2 + 2*i + 36. Calculate h(w).
-10
Let f(l) = 3*l**2 - 2*l - 1. Let r be (-875)/(-14) - 6/4. Let i be (-5 + 6)*((0 - 1) + 60). Let x = r - i. Determine f(x).
7
Suppose 5*w - 20 = 0, -7*w - 19 = -5*c - 3*w. Let o(g) = -4*g + c*g + 89 - 105. Calculate o(7).
5
Let g = -584 - -593. Let c(z) = 1 + 11*z - 34*z + g*z + 6*z + 13*z. Let o(v) = v**2 + 5*v - 2. Let p be o(-6). Determine c(p).
21
Let h(k) be the second derivative of 205*k**3 - 206*k**3 + 3*k + k**2 + 52*k - 14*k. Determine h(-2).
14
Let j(t) = -7*t + 47. Suppose 2*p + 77 = 13*p. Give j(p).
-2
Suppose 3*x - 18 = -0*x. Let a(s) = 2 + 0*s**2 + s**2 - x*s + 4*s. Let c be ((-222)/(-148)*(-2)/4)/((-6)/32). Give a(c).
10
Let g be (-24)/(-15)*10/4. Let c(w) = -4*w + 0*w + g - 2*w**2 + 0. Let x be c(-3). Let y(k) = -2*k**3 + 2. What is y(x)?
18
Let x be (0 + 1)/(2/(-6)). Let y(w) be the second derivative of -w**5/20 - w**4/4 + 17185*w. Give y(x).
0
Let b(y) = -13*y + 113. Let f be b(-6). Let i(x) = -2 - 101*x - 100*x + f*x. What is i(-1)?
8
Suppose -105*g - 184 = -13*g. Let n(k) = -11*k**3 - k**2 + 3*k - 2. What is n(g)?
76
Let y(o) = -2*o + 20. Let b be (-26676)/(-243) - 4/(-18). Let p = 121 - b. Give y(p).
-2
Let d(x) = 2*x + 8. Let k(t) = -44*t + 129. Let n(g) = -3*d(g) - k(g). What is n(4)?
-1
Let x(w) = -w**3 + 9*w**2 - 2. Let n = 0 - -2. Let o(m) = 0*m**n - 4*m + 6*m**2 - 4 + 3*m**2. Let r be o(-1). Calculate x(r).
-2
Let d(g) = -g**3 + 10*g**2 + 9*g + 10. Suppose 4*y - 5*z + 28 = -7*z, 0 = -y + 3*z. Let q be ((-77)/42)/(1/y). Calculate d(q).
-12
Let q(m) = -m**2 - 7*m - 8. Let p = -138 - -189. Let c = -57 + p. Give q(c).
-2
Suppose 5*v = 6*v. Let u(r) = 3 + v*r - 4 + 3*r + 2. Suppose 8*s - 15 = 1. Calculate u(s).
7
Let f(o) = -o + 2. Suppose -3*h = -h + 106. Let c = 59 + h. Let n = -1 + c. Calculate f(n).
-3
Let x(w) = -45*w - 6. Let u(b) = -112*b - 10. Let d(p) = -2*u(p) + 5*x(p). Determine d(-1).
-9
Let o(l) = -11*l**2 + 39*l**2 - 19*l**2 - 10*l - 8*l**2 - 8 - l. Calculate o(-7).
118
Let s be 8/(-6)*6 + 18 - -6. Let m(v) = -v**2 + 18*v - 48. Calculate m(s).
-16
Let o(k) = -7*k + 1 + k**2 + k - 3*k. Let n = 4983 - 4977. Calculate o(n).
-17
Let r(y) = y - 2. Let j(u) = u**2 + 4*u + 2. Let c be j(0). Suppose -k + 2*v - 10 = 0, -2*v - 8 = 5*k + c*v. Give r(k).
-6
Suppose -6*r + 2*c = -8, -194*r + 192*r + 5*c = 19. Let x(k) = 3*k**2 - 13*k + 20. Determine x(r).
8
Let n(o) = 4*o**2 + 10*o + 9. Suppose 23*u = -82 + 13. Calculate n(u).
15
Suppose 0 = -19*o + 80 + 15. Let u(a) = -3*a**3 + 22*a**2 - 7*a + 9. Let c(d) = 2*d**3 - 15*d**2 + 5*d - 6. Let t(y) = 7*c(y) + 5*u(y). Determine t(o).
3
Let u(l) = -4*l + 4. Suppose 3*q = -4*t - 728, -14*t + q - 910 = -9*t. Let m = t - -185. What is u(m)?
-8
Let m(w) be the second derivative of -w**5/20 - w**4/4 - 2*w**3/3 - 2*w**2 - 3500*w. Determine m(-3).
8
Suppose -4*m = -3*m + 27. Let f = m - -21. Let j(y) be the third derivative of y**4/24 + 2*y**3/3 + 3*y**2. Determine j(f).
-2
Suppose 6*n - 2*n - 4*t = -8, 0 = -5*n - 2*t + 18. Let q(d) = -66 - 2*d**n + 3*d**2 + 61 + 2*d. Suppose 2*r - 1 + 3 = -3*k, 2*r + 4 = -2*k. Calculate q(r).
3
Let q(p) = p**2 - 1. Let x(o) = 6*o**2 - 4*o - 5. Let s(j) = -5*q(j) + x(j). Suppose -13 = -3*u - 5*g, 5*u - 34 = 14*g - 10*g. Determine s(u).
12
Let f(a) = 11*a**2 + 13*a + 15*a - 224 - 10*a**2 + 234 + 9*a. Determine f(-36).
-26
Let v(j) = -18*j - 764. Let m be v(-43). Let r(o) = -o**2 + 15*o - 2. Give r(m).
48
Let p(t) = -4*t + 2 + 7*t**2 - 5*t + t**2 + 10*t**3. Let x(v) = -7*v**3 - 5*v**2 + 6*v - 1. Let h(z) = -5*p(z) - 7*x(z). Let y = -107 - -101. Determine h(y).
15
Suppose 0 = -5*p - y + 90, 4*p + 6*y - 72 = 3*y. Suppose p*f + 42 = 132. Let l(a) = -2*a + 3. Determine l(f).
-7
Let b be ((23 - -3)/13)/(2/117). Let w(j) = 7 + 7 + j**2 + b*j - 132*j. Give w(13).
-12
Let w be (2/(12/21))/((-3)/(-6)). Let n(b) = -4 - 15*b + 18*b**2 + 26*b - w*b - 19*b**2. Determine n(3).
-1
Let w(m) = -2*m**2 - 3*m. Let s be 4 + 3 - (-20)/(-90)*36. Give w(s).
1
Suppose 4*r + a - 9 = -30, r = -4*a - 9. Let p(n) = 8*n + 9. Calculate p(r).
-31
Let m(i) = i**3 - 84*i**2 + 65*i - 12761. Let p be m(85). Let f(l) = -l**2 + 5*l + 4 - 18*l + 2. What is f(p)?
28
Suppose -3*g - s = -13 - 48, 2*s = -2*g + 34. Let v(k) = 52 + 14*k - 16*k - 18 - 18 - g. Suppose -2*z = 8 + 2. Calculate v(z).
4
Let m(b) = -9*b - 253. Suppose -5*j = -40, 49*d - 76 = 53*d + 5*j. Calculate m(d).
8
Let d(j) = 4*j**2 - 73*j + 73. Let z be d(17). Let n(v) = -v**2 - 10*v + 21. Calculate n(z).
-3
Let a(x) = 6*x**2 + 4*x + 2. Let d = 317 + -299. Suppose -5*z + 6 = 4*q, -d = 5*z - q - 4. Calculate a(z).
18
Let q(v) be the second derivative of -v**3 + 22*v. Suppose 0 = -2*y + t - 11, -2*y - t - 8 + 7 = 0. Determine q(y).
18
Let x be (4/(-14) - -2)/(132/(-462)). Let h(a) = -a**2 + 16*a + 124. Give h(x).
-8
Let j(d) be the third derivative of d**6/120 - d**5/60 - d**4/24 - 2*d**3/3 + 588*d**2 - 7*d + 1. Suppose -5*a + 12 = -a. Give j(a).
11
Let f(h) be the first derivative of 21*h**2/2 - 20*h - 2604. Determine f(2).
22
Let i(v) = 9*v**2 + 92